{"id":5484,"date":"2025-09-30T09:29:25","date_gmt":"2025-09-30T07:29:25","guid":{"rendered":"https:\/\/www.lecha.cz\/?post_type=product&#038;p=5484"},"modified":"2026-04-11T19:08:03","modified_gmt":"2026-04-11T17:08:03","slug":"hackovany-venec-se-zajicem","status":"publish","type":"product","link":"https:\/\/www.lecha.cz\/index.php\/produkt\/hackovany-venec-se-zajicem\/","title":{"rendered":"H\u00e1\u010dkovan\u00fd v\u011bnec se zaj\u00edcem"},"content":{"rendered":"<p data-start=\"333\" data-end=\"616\">Tento origin\u00e1ln\u00ed h\u00e1\u010dkovan\u00fd v\u011bnec se zaj\u00ed\u010dkem vnese do va\u0161eho domova radost a hravost. Pe\u010dliv\u011b uh\u00e1\u010dkovan\u00fd zaj\u00edc je dopln\u011bn barevn\u00fdmi kv\u011btinami a mot\u00fdlky a spolu tak tvo\u0159\u00ed veselou dekoraci, kter\u00e1 se hod\u00ed jak na vstupn\u00ed dve\u0159e, tak do interi\u00e9ru.<\/p>\n<p data-start=\"618\" data-end=\"796\">Zaj\u00ed\u010dek je vyroben podle voln\u011b dostupn\u00e9ho n\u00e1vodu.<br data-start=\"682\" data-end=\"685\" \/>Barvy odpov\u00eddaj\u00ed fotografi\u00edm. V p\u0159\u00edpad\u011b jin\u00e9 varianty bude v\u011bnec v\u017edy nafocen a uveden v odpov\u00eddaj\u00edc\u00ed barv\u011b.<\/p>\n","protected":false},"excerpt":{"rendered":"<p>Ru\u010dn\u011b h\u00e1\u010dkovan\u00fd v\u011bnec se zaj\u00ed\u010dkem, kv\u011btinami a mot\u00fdlky. Vesel\u00e1 dekorace na dve\u0159e nebo do interi\u00e9ru.<\/p>\n","protected":false},"featured_media":5541,"comment_status":"open","ping_status":"closed","template":"","meta":[],"product_brand":[],"product_cat":[147],"product_tag":[],"class_list":{"0":"post-5484","1":"product","2":"type-product","3":"status-publish","4":"has-post-thumbnail","6":"product_cat-hackovane-dekorace","8":"first","9":"outofstock","10":"shipping-taxable","11":"purchasable","12":"product-type-simple"},"aioseo_notices":[],"_links":{"self":[{"href":"https:\/\/www.lecha.cz\/index.php\/wp-json\/wp\/v2\/product\/5484","targetHints":{"allow":["GET"]}}],"collection":[{"href":"https:\/\/www.lecha.cz\/index.php\/wp-json\/wp\/v2\/product"}],"about":[{"href":"https:\/\/www.lecha.cz\/index.php\/wp-json\/wp\/v2\/types\/product"}],"replies":[{"embeddable":true,"href":"https:\/\/www.lecha.cz\/index.php\/wp-json\/wp\/v2\/comments?post=5484"}],"wp:featuredmedia":[{"embeddable":true,"href":"https:\/\/www.lecha.cz\/index.php\/wp-json\/wp\/v2\/media\/5541"}],"wp:attachment":[{"href":"https:\/\/www.lecha.cz\/index.php\/wp-json\/wp\/v2\/media?parent=5484"}],"wp:term":[{"taxonomy":"product_brand","embeddable":true,"href":"https:\/\/www.lecha.cz\/index.php\/wp-json\/wp\/v2\/product_brand?post=5484"},{"taxonomy":"product_cat","embeddable":true,"href":"https:\/\/www.lecha.cz\/index.php\/wp-json\/wp\/v2\/product_cat?post=5484"},{"taxonomy":"product_tag","embeddable":true,"href":"https:\/\/www.lecha.cz\/index.php\/wp-json\/wp\/v2\/product_tag?post=5484"}],"curies":[{"name":"wp","href":"https:\/\/api.w.org\/{rel}","templated":true}]}}