{"id":5289,"date":"2025-09-26T12:41:22","date_gmt":"2025-09-26T10:41:22","guid":{"rendered":"https:\/\/www.lecha.cz\/?post_type=product&#038;p=5289"},"modified":"2026-04-11T19:03:01","modified_gmt":"2026-04-11T17:03:01","slug":"silky-merino-icelandic-hedvabi-merino-vlna","status":"publish","type":"product","link":"https:\/\/www.lecha.cz\/index.php\/produkt\/silky-merino-icelandic-hedvabi-merino-vlna\/","title":{"rendered":"Lotus Yarns &#8211; Silky Merino Icelandic, 100 g (Hedv\u00e1b\u00ed + Merino)"},"content":{"rendered":"<p>Silky Merino Icelandic od Lotus Yarns je p\u0159\u00edze v rovnov\u00e1\u017en\u00e9 sm\u011bsi hedv\u00e1b\u00ed a merino vlny. Hedv\u00e1b\u00ed mu dod\u00e1v\u00e1 jemnost, spl\u00fdvavost a p\u0159irozen\u00fd lesk, zat\u00edmco merino vlna p\u0159in\u00e1\u0161\u00ed h\u0159ejivost, m\u011bkkost a odolnost.<\/p>\n<p>D\u00edky sv\u00e9 robustn\u011bj\u0161\u00ed povaze je ide\u00e1ln\u00ed pro svetry, kab\u00e1tky \u010di objemn\u011bj\u0161\u00ed projekty, kter\u00e9 maj\u00ed b\u00fdt pohodln\u00e9 a z\u00e1rove\u0148 elegantn\u00ed. P\u0159adeno v p\u0159\u00edrodn\u00ed, nebarven\u00e9 podob\u011b podtrhuje kr\u00e1su obou p\u0159\u00edrodn\u00edch vl\u00e1ken a dod\u00e1v\u00e1 ka\u017ed\u00e9mu v\u00fdrobku noblesu a autenti\u010dnost. Z\u00e1rove\u0148 nab\u00edz\u00ed prostor pro dal\u0161\u00ed zpracov\u00e1n\u00ed a \u00fapravy podle Va\u0161ich p\u0159edstav.<\/p>\n","protected":false},"excerpt":{"rendered":"<p>P\u0159adeno ze sm\u011bsi 50 % hedv\u00e1b\u00ed a 50 % merino vlny v p\u0159\u00edrodn\u00ed, nebarven\u00e9 podob\u011b. Jemn\u00e9, h\u0159ejiv\u00e9 a s p\u0159irozen\u00fdm leskem, ide\u00e1ln\u00ed pro svetry a objemn\u011bj\u0161\u00ed projekty.<\/p>\n<p>Cena je uvedena za 1 p\u0159adeno (150 m \/ 100 g).<\/p>\n","protected":false},"featured_media":5652,"comment_status":"open","ping_status":"closed","template":"","meta":[],"product_brand":[],"product_cat":[152],"product_tag":[],"class_list":{"0":"post-5289","1":"product","2":"type-product","3":"status-publish","4":"has-post-thumbnail","6":"product_cat-smesova-pradena","8":"first","9":"instock","10":"shipping-taxable","11":"purchasable","12":"product-type-simple"},"aioseo_notices":[],"_links":{"self":[{"href":"https:\/\/www.lecha.cz\/index.php\/wp-json\/wp\/v2\/product\/5289","targetHints":{"allow":["GET"]}}],"collection":[{"href":"https:\/\/www.lecha.cz\/index.php\/wp-json\/wp\/v2\/product"}],"about":[{"href":"https:\/\/www.lecha.cz\/index.php\/wp-json\/wp\/v2\/types\/product"}],"replies":[{"embeddable":true,"href":"https:\/\/www.lecha.cz\/index.php\/wp-json\/wp\/v2\/comments?post=5289"}],"wp:featuredmedia":[{"embeddable":true,"href":"https:\/\/www.lecha.cz\/index.php\/wp-json\/wp\/v2\/media\/5652"}],"wp:attachment":[{"href":"https:\/\/www.lecha.cz\/index.php\/wp-json\/wp\/v2\/media?parent=5289"}],"wp:term":[{"taxonomy":"product_brand","embeddable":true,"href":"https:\/\/www.lecha.cz\/index.php\/wp-json\/wp\/v2\/product_brand?post=5289"},{"taxonomy":"product_cat","embeddable":true,"href":"https:\/\/www.lecha.cz\/index.php\/wp-json\/wp\/v2\/product_cat?post=5289"},{"taxonomy":"product_tag","embeddable":true,"href":"https:\/\/www.lecha.cz\/index.php\/wp-json\/wp\/v2\/product_tag?post=5289"}],"curies":[{"name":"wp","href":"https:\/\/api.w.org\/{rel}","templated":true}]}}