{"id":7142,"date":"2026-04-08T21:32:42","date_gmt":"2026-04-08T19:32:42","guid":{"rendered":"https:\/\/www.lecha.cz\/?page_id=7142"},"modified":"2026-04-08T22:02:18","modified_gmt":"2026-04-08T20:02:18","slug":"cookies","status":"publish","type":"page","link":"https:\/\/www.lecha.cz\/index.php\/cookies\/","title":{"rendered":"Cookies"},"content":{"rendered":"\t\t<div data-elementor-type=\"wp-page\" data-elementor-id=\"7142\" class=\"elementor elementor-7142\">\n\t\t\t\t<div class=\"elementor-element elementor-element-ad72b72 e-flex e-con-boxed wpr-particle-no wpr-jarallax-no wpr-parallax-no wpr-sticky-section-no wpr-equal-height-no e-con e-parent\" data-id=\"ad72b72\" data-element_type=\"container\" data-e-type=\"container\">\n\t\t\t\t\t<div class=\"e-con-inner\">\n\t\t\t\t<div class=\"elementor-element elementor-element-1c7eb36 elementor-widget elementor-widget-heading\" data-id=\"1c7eb36\" data-element_type=\"widget\" data-e-type=\"widget\" data-widget_type=\"heading.default\">\n\t\t\t\t<div class=\"elementor-widget-container\">\n\t\t\t\t\t<h2 class=\"elementor-heading-title elementor-size-default\">Cookies<\/h2>\t\t\t\t<\/div>\n\t\t\t\t<\/div>\n\t\t\t\t\t<\/div>\n\t\t\t\t<\/div>\n\t\t<div class=\"elementor-element elementor-element-dfabe7a e-flex e-con-boxed wpr-particle-no wpr-jarallax-no wpr-parallax-no wpr-sticky-section-no wpr-equal-height-no e-con e-parent\" data-id=\"dfabe7a\" data-element_type=\"container\" data-e-type=\"container\">\n\t\t\t\t\t<div class=\"e-con-inner\">\n\t\t\t\t<div class=\"elementor-element elementor-element-a5b413c elementor-widget elementor-widget-text-editor\" data-id=\"a5b413c\" data-element_type=\"widget\" data-e-type=\"widget\" data-widget_type=\"text-editor.default\">\n\t\t\t\t<div class=\"elementor-widget-container\">\n\t\t\t\t\t\t\t\t\t<p><span style=\"color: #333300;\">Pou\u017e\u00edv\u00e1me Cookies, aby n\u00e1\u0161 web fungoval spr\u00e1vn\u011b a abychom V\u00e1m mohli nab\u00eddnout co nejlep\u0161\u00ed z\u00e1\u017eitek z n\u00e1kupu.<\/span><\/p><p>Cookies jsou mal\u00e9 textov\u00e9 soubory, kter\u00e9 s eukl\u00e1daj\u00ed do Va\u0161eho za\u0159\u00edzen\u00ed p\u0159i n\u00e1v\u0161t\u011bv\u011b webu.<\/p><p><strong>JAK\u00c9 COOKIES POU\u017d\u00cdV\u00c1ME<\/strong><\/p><p lang=\"cs-CZ\" align=\"justify\"><span style=\"color: #333300;\">NEZBYTN\u00c9 (FUNK\u010cN\u00cd)<\/span><\/p><p lang=\"cs-CZ\" align=\"justify\">Tyto cookies jsou nutn\u00e9 pro spr\u00e1vn\u00e9 fungov\u00e1n\u00ed webu -nap\u0159\u00edklad pro udr\u017een\u00ed obsahu ko\u0161\u00edku nebo p\u0159ihl\u00e1\u0161en\u00ed do \u00fa\u010dtu. Bez nich by web nefungoval spr\u00e1vn\u011b.<\/p><p>ANALYTICK\u00c9 (STATISTICK\u00c9)<\/p><p>Pom\u00e1haj\u00ed n\u00e1m porozum\u011bt, jak n\u00e1v\u0161t\u011bvn\u00edci web pou\u017e\u00edvaj\u00ed, abychom ho mohli d\u00e1le zlep\u0161ovat. Pou\u017e\u00edv\u00e1me nap\u0159\u00edklad n\u00e1stroje:<\/p><ul><li>Google Analytics<\/li><li>Microsoft Clarity<\/li><\/ul><p>MARKETINGOV\u00c9<\/p><p>Tyto cookies slou\u017e\u00ed k zobrazov\u00e1n\u00ed relevantn\u00edho obsahu a p\u0159\u00edpadn\u011b reklam.<\/p><p><strong>SOUHLAS S COOKIES<\/strong><\/p><p>Pou\u017e\u00edv\u00e1n\u00ed nepovinn\u00fdch cookies (analytick\u00fdch a marketingov\u00fdch) je mo\u017en\u00e9 pouze s Va\u0161\u00edm souhlasem, kter\u00fd m\u016f\u017eete kdykoliv zm\u011bnit nebo odvolat prost\u0159ednictv\u00edm cookie li\u0161ty.<\/p><p><strong>SPR\u00c1VA COOKIES<\/strong><\/p><p>Nastaven\u00ed cookies m\u016f\u017eete zm\u011bnit kdykoliv pomoc\u00ed odkazu &#8222;Spravovat souhlas&#8220;, kter\u00fd je dostupn\u00fd na webu.<\/p><p><strong>DAL\u0160\u00cd INFORMACE<\/strong><\/p><p>V\u00edce informace o zpracov\u00e1n\u00ed osobn\u00edch \u00fadaj\u016f najdete na str\u00e1nce <strong>Z\u00e1sady ochrany osobn\u00edch \u00fadaj\u016f<\/strong>.<\/p>\t\t\t\t\t\t\t\t<\/div>\n\t\t\t\t<\/div>\n\t\t\t\t\t<\/div>\n\t\t\t\t<\/div>\n\t\t\t\t<\/div>\n\t\t","protected":false},"excerpt":{"rendered":"<p>Cookies Pou\u017e\u00edv\u00e1me Cookies, aby n\u00e1\u0161 web fungoval spr\u00e1vn\u011b a abychom V\u00e1m mohli nab\u00eddnout co nejlep\u0161\u00ed z\u00e1\u017eitek z n\u00e1kupu. Cookies jsou mal\u00e9 textov\u00e9 soubory, kter\u00e9 s eukl\u00e1daj\u00ed do Va\u0161eho za\u0159\u00edzen\u00ed p\u0159i n\u00e1v\u0161t\u011bv\u011b webu. JAK\u00c9 COOKIES POU\u017d\u00cdV\u00c1ME NEZBYTN\u00c9 (FUNK\u010cN\u00cd) Tyto cookies jsou nutn\u00e9 pro spr\u00e1vn\u00e9 fungov\u00e1n\u00ed webu -nap\u0159\u00edklad pro udr\u017een\u00ed obsahu ko\u0161\u00edku nebo p\u0159ihl\u00e1\u0161en\u00ed do \u00fa\u010dtu. Bez nich by web nefungoval spr\u00e1vn\u011b. ANALYTICK\u00c9 (STATISTICK\u00c9) Pom\u00e1haj\u00ed n\u00e1m porozum\u011bt, jak n\u00e1v\u0161t\u011bvn\u00edci web pou\u017e\u00edvaj\u00ed, abychom ho mohli d\u00e1le zlep\u0161ovat. Pou\u017e\u00edv\u00e1me nap\u0159\u00edklad n\u00e1stroje: Google Analytics Microsoft Clarity MARKETINGOV\u00c9 Tyto cookies slou\u017e\u00ed k zobrazov\u00e1n\u00ed relevantn\u00edho obsahu a p\u0159\u00edpadn\u011b reklam. SOUHLAS S COOKIES Pou\u017e\u00edv\u00e1n\u00ed nepovinn\u00fdch cookies (analytick\u00fdch a marketingov\u00fdch) je mo\u017en\u00e9 pouze s Va\u0161\u00edm souhlasem, kter\u00fd m\u016f\u017eete kdykoliv zm\u011bnit nebo odvolat prost\u0159ednictv\u00edm cookie li\u0161ty. SPR\u00c1VA COOKIES Nastaven\u00ed cookies m\u016f\u017eete zm\u011bnit kdykoliv pomoc\u00ed odkazu &#8222;Spravovat souhlas&#8220;, kter\u00fd je dostupn\u00fd na webu. DAL\u0160\u00cd INFORMACE V\u00edce informace o zpracov\u00e1n\u00ed osobn\u00edch \u00fadaj\u016f najdete na str\u00e1nce Z\u00e1sady ochrany osobn\u00edch \u00fadaj\u016f.<\/p>\n","protected":false},"author":1,"featured_media":0,"parent":0,"menu_order":0,"comment_status":"closed","ping_status":"closed","template":"elementor_header_footer","meta":{"footnotes":""},"class_list":["post-7142","page","type-page","status-publish","hentry"],"aioseo_notices":[],"_links":{"self":[{"href":"https:\/\/www.lecha.cz\/index.php\/wp-json\/wp\/v2\/pages\/7142","targetHints":{"allow":["GET"]}}],"collection":[{"href":"https:\/\/www.lecha.cz\/index.php\/wp-json\/wp\/v2\/pages"}],"about":[{"href":"https:\/\/www.lecha.cz\/index.php\/wp-json\/wp\/v2\/types\/page"}],"author":[{"embeddable":true,"href":"https:\/\/www.lecha.cz\/index.php\/wp-json\/wp\/v2\/users\/1"}],"replies":[{"embeddable":true,"href":"https:\/\/www.lecha.cz\/index.php\/wp-json\/wp\/v2\/comments?post=7142"}],"version-history":[{"count":9,"href":"https:\/\/www.lecha.cz\/index.php\/wp-json\/wp\/v2\/pages\/7142\/revisions"}],"predecessor-version":[{"id":7160,"href":"https:\/\/www.lecha.cz\/index.php\/wp-json\/wp\/v2\/pages\/7142\/revisions\/7160"}],"wp:attachment":[{"href":"https:\/\/www.lecha.cz\/index.php\/wp-json\/wp\/v2\/media?parent=7142"}],"curies":[{"name":"wp","href":"https:\/\/api.w.org\/{rel}","templated":true}]}}